{"id":1477,"date":"2024-02-23T18:34:43","date_gmt":"2024-02-23T18:34:43","guid":{"rendered":"https:\/\/induagro.com.mx\/acomca-catalogo-floral\/?page_id=1477"},"modified":"2024-02-23T18:46:48","modified_gmt":"2024-02-23T18:46:48","slug":"indu_contact","status":"publish","type":"page","link":"https:\/\/induagro.com.mx\/acomca-catalogo-floral\/indu_contact\/","title":{"rendered":"indu_contact"},"content":{"rendered":"\t\t<div data-elementor-type=\"wp-page\" data-elementor-id=\"1477\" class=\"elementor elementor-1477\">\n\t\t\t\t<div class=\"elementor-element elementor-element-412f588 e-flex e-con-boxed e-con e-parent\" data-id=\"412f588\" data-element_type=\"container\" data-core-v316-plus=\"true\">\n\t\t\t\t\t<div class=\"e-con-inner\">\n\t\t\t\t<div class=\"elementor-element elementor-element-84f0495 elementor-widget elementor-widget-shortcode\" data-id=\"84f0495\" data-element_type=\"widget\" data-widget_type=\"shortcode.default\">\n\t\t\t\t<div class=\"elementor-widget-container\">\n\t\t\t\t\t<div class=\"elementor-shortcode\"><div class=\"wpforms-container wpforms-container-full wpforms-render-modern\" id=\"wpforms-1474\"><form id=\"wpforms-form-1474\" class=\"wpforms-validate wpforms-form wpforms-ajax-form\" data-formid=\"1474\" method=\"post\" enctype=\"multipart\/form-data\" action=\"\/acomca-catalogo-floral\/wp-json\/wp\/v2\/pages\/1477\" data-token=\"9092b6d8aafd2497d32ed3641a26da52\"><noscript class=\"wpforms-error-noscript\">Please enable JavaScript in your browser to complete this form.<\/noscript><div class=\"wpforms-hidden\" id=\"wpforms-error-noscript\">Please enable JavaScript in your browser to complete this form.<\/div><div class=\"wpforms-field-container\"><div id=\"wpforms-1474-field_3-container\" class=\"wpforms-field wpforms-field-text\" data-field-id=\"3\"><label class=\"wpforms-field-label\" for=\"wpforms-1474-field_3\">Nombre<\/label><input type=\"text\" id=\"wpforms-1474-field_3\" class=\"wpforms-field-medium\" name=\"wpforms[fields][3]\" aria-errormessage=\"wpforms-1474-field_3-error\" ><\/div><div id=\"wpforms-1474-field_1-container\" class=\"wpforms-field wpforms-field-email\" data-field-id=\"1\"><label class=\"wpforms-field-label\" for=\"wpforms-1474-field_1\">Email <span class=\"wpforms-required-label\" aria-hidden=\"true\">*<\/span><\/label><input type=\"email\" id=\"wpforms-1474-field_1\" class=\"wpforms-field-medium wpforms-field-required\" name=\"wpforms[fields][1]\" spellcheck=\"false\" aria-errormessage=\"wpforms-1474-field_1-error\" required><\/div><div id=\"wpforms-1474-field_2-container\" class=\"wpforms-field wpforms-field-textarea\" data-field-id=\"2\"><label class=\"wpforms-field-label\" for=\"wpforms-1474-field_2\">Comentario<\/label><textarea id=\"wpforms-1474-field_2\" class=\"wpforms-field-medium\" name=\"wpforms[fields][2]\" aria-errormessage=\"wpforms-1474-field_2-error\" ><\/textarea><\/div><\/div><!-- .wpforms-field-container --><div class=\"wpforms-submit-container\" ><input type=\"hidden\" name=\"wpforms[id]\" value=\"1474\"><input type=\"hidden\" name=\"wpforms[author]\" value=\"2\"><button type=\"submit\" name=\"wpforms[submit]\" id=\"wpforms-submit-1474\" class=\"wpforms-submit\" data-alt-text=\"Enviando...\" data-submit-text=\"Eviar\" aria-live=\"assertive\" value=\"wpforms-submit\">Eviar<\/button><img decoding=\"async\" src=\"https:\/\/induagro.com.mx\/acomca-catalogo-floral\/wp-content\/plugins\/wpforms-lite\/assets\/images\/submit-spin.svg\" class=\"wpforms-submit-spinner\" style=\"display: none;\" width=\"26\" height=\"26\" alt=\"Loading\"><\/div><\/form><\/div>  <!-- .wpforms-container --><\/div>\n\t\t\t\t<\/div>\n\t\t\t\t<\/div>\n\t\t\t\t<div class=\"elementor-element elementor-element-c3d5075 elementor-widget elementor-widget-html\" data-id=\"c3d5075\" data-element_type=\"widget\" data-widget_type=\"html.default\">\n\t\t\t\t<div class=\"elementor-widget-container\">\n\t\t\t<style>\n    .gtranslate_wrapper{\n        display: none;\n    }\n<\/style>\t\t<\/div>\n\t\t\t\t<\/div>\n\t\t\t\t\t<\/div>\n\t\t\t\t<\/div>\n\t\t\t\t<\/div>\n\t\t","protected":false},"excerpt":{"rendered":"","protected":false},"author":2,"featured_media":0,"parent":0,"menu_order":0,"comment_status":"closed","ping_status":"closed","template":"elementor_canvas","meta":[],"jetpack_shortlink":"https:\/\/wp.me\/PeZsAZ-nP","jetpack-related-posts":[{"id":1177,"url":"https:\/\/induagro.com.mx\/acomca-catalogo-floral\/contacto\/","url_meta":{"origin":1477,"position":0},"title":"contacto","author":"admin","date":"8 agosto, 2023","format":false,"excerpt":"CONTACTO Ll\u00e1manos o escr\u00edbenos estamos para servirte Ponte en contacto con nosotros Estamos para servirte con: Excelencia Integridad Compromiso \u00bfPor qu\u00e9 elegirnos? Flores\u00a0de la mejor calidad.Flores\u00a0de la mejor calidad. Producci\u00f3n integral Hecho en M\u00e9xico Empresa 100% mexicana, la cual ofrece la venta de productos agr\u00edcolas frescos, cosechados de huertas bajo\u2026","rel":"","context":"Similar post","block_context":{"text":"Similar post","link":""},"img":{"alt_text":"","src":"","width":0,"height":0},"classes":[]},{"id":239,"url":"https:\/\/induagro.com.mx\/acomca-catalogo-floral\/nuestros-productos\/","url_meta":{"origin":1477,"position":1},"title":"nuestros productos","author":"Isaac Moctezuma","date":"24 julio, 2023","format":false,"excerpt":"Nuestros productos Cat\u00e1logo Floral 2023 Flores por temporada La cosecha m\u00e1s fresca Flor de Pascua Flor de Pascua Temporalidad: Diciembre Una de las \u00e9pocas con mayor importancia es la Navidad,...Ver m\u00e1s Terciopelo Terciopelo Temporalidad: Noviembre La Flor de Terciopelo tambi\u00e9n es de uso popular, y por tanto...Ver m\u00e1s Cempasuchil Cempasuchil\u2026","rel":"","context":"Similar post","block_context":{"text":"Similar post","link":""},"img":{"alt_text":"","src":"https:\/\/i0.wp.com\/induagro.com.mx\/acomca-catalogo-floral\/wp-content\/uploads\/2023\/07\/image-1024x547.png?resize=350%2C200&ssl=1","width":350,"height":200,"srcset":"https:\/\/i0.wp.com\/induagro.com.mx\/acomca-catalogo-floral\/wp-content\/uploads\/2023\/07\/image-1024x547.png?resize=350%2C200&ssl=1 1x, https:\/\/i0.wp.com\/induagro.com.mx\/acomca-catalogo-floral\/wp-content\/uploads\/2023\/07\/image-1024x547.png?resize=700%2C400&ssl=1 2x"},"classes":[]}],"_links":{"self":[{"href":"https:\/\/induagro.com.mx\/acomca-catalogo-floral\/wp-json\/wp\/v2\/pages\/1477"}],"collection":[{"href":"https:\/\/induagro.com.mx\/acomca-catalogo-floral\/wp-json\/wp\/v2\/pages"}],"about":[{"href":"https:\/\/induagro.com.mx\/acomca-catalogo-floral\/wp-json\/wp\/v2\/types\/page"}],"author":[{"embeddable":true,"href":"https:\/\/induagro.com.mx\/acomca-catalogo-floral\/wp-json\/wp\/v2\/users\/2"}],"replies":[{"embeddable":true,"href":"https:\/\/induagro.com.mx\/acomca-catalogo-floral\/wp-json\/wp\/v2\/comments?post=1477"}],"version-history":[{"count":7,"href":"https:\/\/induagro.com.mx\/acomca-catalogo-floral\/wp-json\/wp\/v2\/pages\/1477\/revisions"}],"predecessor-version":[{"id":1485,"href":"https:\/\/induagro.com.mx\/acomca-catalogo-floral\/wp-json\/wp\/v2\/pages\/1477\/revisions\/1485"}],"wp:attachment":[{"href":"https:\/\/induagro.com.mx\/acomca-catalogo-floral\/wp-json\/wp\/v2\/media?parent=1477"}],"curies":[{"name":"wp","href":"https:\/\/api.w.org\/{rel}","templated":true}]}}